{"id":427,"date":"2025-06-09T10:28:33","date_gmt":"2025-06-09T08:28:33","guid":{"rendered":"https:\/\/corona1.eu\/de\/?page_id=427"},"modified":"2025-06-09T10:28:48","modified_gmt":"2025-06-09T08:28:48","slug":"granulierer-primo-s","status":"publish","type":"page","link":"https:\/\/corona1.eu\/de\/granulierend\/granulierer-primo-s\/","title":{"rendered":"Granulierer PRIMO S"},"content":{"rendered":"\n\n<h2 class=\"wp-block-heading\">Trockenschneide-Fadengranuliersystem<\/h2>\n\n\n\n\n\n<p>Das Trockenschnitt-Fadengranuliersystem wird von Hunderten von Kunden zur Herstellung von zylindrischen Granulaten und mikrok\u00f6rnigen Mischungen h\u00f6chster Qualit\u00e4t f\u00fcr die Weiterverarbeitung eingesetzt.<\/p>\n\n\n\n\n\n<p><strong>PRIMO-S\u00ae Schneidm\u00fchlen &#8211; Vorteile:<\/strong><\/p>\n\n\n\n\n\n<ul class=\"wp-block-list\">\n\n<li>Das Material wird auf k\u00fcrzestem Weg vom Aufgeber zur Schneidemaschine transportiert<\/li>\n\n\n\n\n\n<li>Robuste, beidseitige Lagerung des Schneidrotors<\/li>\n\n\n\n\n\n<li>Schnelle und einfache Zug\u00e4nglichkeit f\u00fcr Reinigung und Wartung, leichte Umstellung der Produktion<\/li>\n\n\n\n\n\n<li>Konstante Granulatqualit\u00e4t<\/li>\n\n\n\n\n\n<li>Sehr hohe Zuverl\u00e4ssigkeit dank verschlei\u00dffester Schneidwerkzeuge<\/li>\n\n<\/ul>\n\n\n\n\n\n<p><\/p>\n\n","protected":false},"excerpt":{"rendered":"<p>Trockenschneide-Fadengranuliersystem Das Trockenschnitt-Fadengranuliersystem wird von Hunderten von Kunden zur Herstellung von zylindrischen Granulaten und mikrok\u00f6rnigen [&hellip;]<\/p>\n","protected":false},"author":1,"featured_media":428,"parent":401,"menu_order":0,"comment_status":"closed","ping_status":"closed","template":"kg_products_template.php","meta":{"pgc_sgb_lightbox_settings":"","footnotes":""},"categories":[27],"tags":[],"class_list":["post-427","page","type-page","status-publish","has-post-thumbnail","hentry","category-granulierend"],"yoast_head":"<!-- This site is optimized with the Yoast SEO plugin v27.1.1 - https:\/\/yoast.com\/product\/yoast-seo-wordpress\/ -->\n<title>Granulierer PRIMO S - CORONA Serwis<\/title>\n<meta name=\"robots\" content=\"index, follow, max-snippet:-1, max-image-preview:large, max-video-preview:-1\" \/>\n<link rel=\"canonical\" href=\"https:\/\/corona1.eu\/de\/granulierend\/granulierer-primo-s\/\" \/>\n<meta property=\"og:locale\" content=\"de_DE\" \/>\n<meta property=\"og:type\" content=\"article\" \/>\n<meta property=\"og:title\" content=\"Granulierer PRIMO S - CORONA Serwis\" \/>\n<meta property=\"og:description\" content=\"Trockenschneide-Fadengranuliersystem Das Trockenschnitt-Fadengranuliersystem wird von Hunderten von Kunden zur Herstellung von zylindrischen Granulaten und mikrok\u00f6rnigen [&hellip;]\" \/>\n<meta property=\"og:url\" content=\"https:\/\/corona1.eu\/de\/granulierend\/granulierer-primo-s\/\" \/>\n<meta property=\"og:site_name\" content=\"CORONA Serwis\" \/>\n<meta property=\"article:modified_time\" content=\"2025-06-09T08:28:48+00:00\" \/>\n<meta property=\"og:image\" content=\"https:\/\/corona1.eu\/de\/wp-content\/uploads\/2025\/06\/primo_s_maag_automatik_maag-group-1.png\" \/>\n\t<meta property=\"og:image:width\" content=\"512\" \/>\n\t<meta property=\"og:image:height\" content=\"512\" \/>\n\t<meta property=\"og:image:type\" content=\"image\/png\" \/>\n<meta name=\"twitter:card\" content=\"summary_large_image\" \/>\n<meta name=\"twitter:label1\" content=\"Gesch\u00e4tzte Lesezeit\" \/>\n\t<meta name=\"twitter:data1\" content=\"1\u00a0Minute\" \/>\n<script type=\"application\/ld+json\" class=\"yoast-schema-graph\">{\"@context\":\"https:\/\/schema.org\",\"@graph\":[{\"@type\":\"WebPage\",\"@id\":\"https:\/\/corona1.eu\/de\/granulierend\/granulierer-primo-s\/\",\"url\":\"https:\/\/corona1.eu\/de\/granulierend\/granulierer-primo-s\/\",\"name\":\"Granulierer PRIMO S - CORONA Serwis\",\"isPartOf\":{\"@id\":\"https:\/\/corona1.eu\/de\/#website\"},\"primaryImageOfPage\":{\"@id\":\"https:\/\/corona1.eu\/de\/granulierend\/granulierer-primo-s\/#primaryimage\"},\"image\":{\"@id\":\"https:\/\/corona1.eu\/de\/granulierend\/granulierer-primo-s\/#primaryimage\"},\"thumbnailUrl\":\"https:\/\/corona1.eu\/de\/wp-content\/uploads\/2025\/06\/primo_s_maag_automatik_maag-group-1.png\",\"datePublished\":\"2025-06-09T08:28:33+00:00\",\"dateModified\":\"2025-06-09T08:28:48+00:00\",\"breadcrumb\":{\"@id\":\"https:\/\/corona1.eu\/de\/granulierend\/granulierer-primo-s\/#breadcrumb\"},\"inLanguage\":\"de\",\"potentialAction\":[{\"@type\":\"ReadAction\",\"target\":[\"https:\/\/corona1.eu\/de\/granulierend\/granulierer-primo-s\/\"]}]},{\"@type\":\"ImageObject\",\"inLanguage\":\"de\",\"@id\":\"https:\/\/corona1.eu\/de\/granulierend\/granulierer-primo-s\/#primaryimage\",\"url\":\"https:\/\/corona1.eu\/de\/wp-content\/uploads\/2025\/06\/primo_s_maag_automatik_maag-group-1.png\",\"contentUrl\":\"https:\/\/corona1.eu\/de\/wp-content\/uploads\/2025\/06\/primo_s_maag_automatik_maag-group-1.png\",\"width\":512,\"height\":512},{\"@type\":\"BreadcrumbList\",\"@id\":\"https:\/\/corona1.eu\/de\/granulierend\/granulierer-primo-s\/#breadcrumb\",\"itemListElement\":[{\"@type\":\"ListItem\",\"position\":1,\"name\":\"Startseite\",\"item\":\"https:\/\/corona1.eu\/de\/\"},{\"@type\":\"ListItem\",\"position\":2,\"name\":\"Granulierend\",\"item\":\"https:\/\/corona1.eu\/de\/granulierend\/\"},{\"@type\":\"ListItem\",\"position\":3,\"name\":\"Granulierer PRIMO S\"}]},{\"@type\":\"WebSite\",\"@id\":\"https:\/\/corona1.eu\/de\/#website\",\"url\":\"https:\/\/corona1.eu\/de\/\",\"name\":\"CORONA Serwis\",\"description\":\"\",\"potentialAction\":[{\"@type\":\"SearchAction\",\"target\":{\"@type\":\"EntryPoint\",\"urlTemplate\":\"https:\/\/corona1.eu\/de\/?s={search_term_string}\"},\"query-input\":{\"@type\":\"PropertyValueSpecification\",\"valueRequired\":true,\"valueName\":\"search_term_string\"}}],\"inLanguage\":\"de\"}]}<\/script>\n<!-- \/ Yoast SEO plugin. -->","yoast_head_json":{"title":"Granulierer PRIMO S - CORONA Serwis","robots":{"index":"index","follow":"follow","max-snippet":"max-snippet:-1","max-image-preview":"max-image-preview:large","max-video-preview":"max-video-preview:-1"},"canonical":"https:\/\/corona1.eu\/de\/granulierend\/granulierer-primo-s\/","og_locale":"de_DE","og_type":"article","og_title":"Granulierer PRIMO S - CORONA Serwis","og_description":"Trockenschneide-Fadengranuliersystem Das Trockenschnitt-Fadengranuliersystem wird von Hunderten von Kunden zur Herstellung von zylindrischen Granulaten und mikrok\u00f6rnigen [&hellip;]","og_url":"https:\/\/corona1.eu\/de\/granulierend\/granulierer-primo-s\/","og_site_name":"CORONA Serwis","article_modified_time":"2025-06-09T08:28:48+00:00","og_image":[{"width":512,"height":512,"url":"https:\/\/corona1.eu\/de\/wp-content\/uploads\/2025\/06\/primo_s_maag_automatik_maag-group-1.png","type":"image\/png"}],"twitter_card":"summary_large_image","twitter_misc":{"Gesch\u00e4tzte Lesezeit":"1\u00a0Minute"},"schema":{"@context":"https:\/\/schema.org","@graph":[{"@type":"WebPage","@id":"https:\/\/corona1.eu\/de\/granulierend\/granulierer-primo-s\/","url":"https:\/\/corona1.eu\/de\/granulierend\/granulierer-primo-s\/","name":"Granulierer PRIMO S - CORONA Serwis","isPartOf":{"@id":"https:\/\/corona1.eu\/de\/#website"},"primaryImageOfPage":{"@id":"https:\/\/corona1.eu\/de\/granulierend\/granulierer-primo-s\/#primaryimage"},"image":{"@id":"https:\/\/corona1.eu\/de\/granulierend\/granulierer-primo-s\/#primaryimage"},"thumbnailUrl":"https:\/\/corona1.eu\/de\/wp-content\/uploads\/2025\/06\/primo_s_maag_automatik_maag-group-1.png","datePublished":"2025-06-09T08:28:33+00:00","dateModified":"2025-06-09T08:28:48+00:00","breadcrumb":{"@id":"https:\/\/corona1.eu\/de\/granulierend\/granulierer-primo-s\/#breadcrumb"},"inLanguage":"de","potentialAction":[{"@type":"ReadAction","target":["https:\/\/corona1.eu\/de\/granulierend\/granulierer-primo-s\/"]}]},{"@type":"ImageObject","inLanguage":"de","@id":"https:\/\/corona1.eu\/de\/granulierend\/granulierer-primo-s\/#primaryimage","url":"https:\/\/corona1.eu\/de\/wp-content\/uploads\/2025\/06\/primo_s_maag_automatik_maag-group-1.png","contentUrl":"https:\/\/corona1.eu\/de\/wp-content\/uploads\/2025\/06\/primo_s_maag_automatik_maag-group-1.png","width":512,"height":512},{"@type":"BreadcrumbList","@id":"https:\/\/corona1.eu\/de\/granulierend\/granulierer-primo-s\/#breadcrumb","itemListElement":[{"@type":"ListItem","position":1,"name":"Startseite","item":"https:\/\/corona1.eu\/de\/"},{"@type":"ListItem","position":2,"name":"Granulierend","item":"https:\/\/corona1.eu\/de\/granulierend\/"},{"@type":"ListItem","position":3,"name":"Granulierer PRIMO S"}]},{"@type":"WebSite","@id":"https:\/\/corona1.eu\/de\/#website","url":"https:\/\/corona1.eu\/de\/","name":"CORONA Serwis","description":"","potentialAction":[{"@type":"SearchAction","target":{"@type":"EntryPoint","urlTemplate":"https:\/\/corona1.eu\/de\/?s={search_term_string}"},"query-input":{"@type":"PropertyValueSpecification","valueRequired":true,"valueName":"search_term_string"}}],"inLanguage":"de"}]}},"_links":{"self":[{"href":"https:\/\/corona1.eu\/de\/wp-json\/wp\/v2\/pages\/427","targetHints":{"allow":["GET"]}}],"collection":[{"href":"https:\/\/corona1.eu\/de\/wp-json\/wp\/v2\/pages"}],"about":[{"href":"https:\/\/corona1.eu\/de\/wp-json\/wp\/v2\/types\/page"}],"author":[{"embeddable":true,"href":"https:\/\/corona1.eu\/de\/wp-json\/wp\/v2\/users\/1"}],"replies":[{"embeddable":true,"href":"https:\/\/corona1.eu\/de\/wp-json\/wp\/v2\/comments?post=427"}],"version-history":[{"count":2,"href":"https:\/\/corona1.eu\/de\/wp-json\/wp\/v2\/pages\/427\/revisions"}],"predecessor-version":[{"id":430,"href":"https:\/\/corona1.eu\/de\/wp-json\/wp\/v2\/pages\/427\/revisions\/430"}],"up":[{"embeddable":true,"href":"https:\/\/corona1.eu\/de\/wp-json\/wp\/v2\/pages\/401"}],"wp:featuredmedia":[{"embeddable":true,"href":"https:\/\/corona1.eu\/de\/wp-json\/wp\/v2\/media\/428"}],"wp:attachment":[{"href":"https:\/\/corona1.eu\/de\/wp-json\/wp\/v2\/media?parent=427"}],"wp:term":[{"taxonomy":"category","embeddable":true,"href":"https:\/\/corona1.eu\/de\/wp-json\/wp\/v2\/categories?post=427"},{"taxonomy":"post_tag","embeddable":true,"href":"https:\/\/corona1.eu\/de\/wp-json\/wp\/v2\/tags?post=427"}],"curies":[{"name":"wp","href":"https:\/\/api.w.org\/{rel}","templated":true}]}}

<h2 class="wp-block-heading">Trockenschneide-Fadengranuliersystem</h2>





<p>Das Trockenschnitt-Fadengranuliersystem wird von Hunderten von Kunden zur Herstellung von zylindrischen Granulaten und mikrokörnigen Mischungen höchster Qualität für die Weiterverarbeitung eingesetzt.</p>





<p><strong>PRIMO-S® Schneidmühlen &#8211; Vorteile:</strong></p>





<ul class="wp-block-list">

<li>Das Material wird auf kürzestem Weg vom Aufgeber zur Schneidemaschine transportiert</li>





<li>Robuste, beidseitige Lagerung des Schneidrotors</li>





<li>Schnelle und einfache Zugänglichkeit für Reinigung und Wartung, leichte Umstellung der Produktion</li>





<li>Konstante Granulatqualität</li>





<li>Sehr hohe Zuverlässigkeit dank verschleißfester Schneidwerkzeuge</li>

</ul>





<p></p>

<p>Trockenschneide-Fadengranuliersystem Das Trockenschnitt-Fadengranuliersystem wird von Hunderten von Kunden zur Herstellung von zylindrischen Granulaten und mikrokörnigen [&hellip;]</p>

<!-- This site is optimized with the Yoast SEO plugin v27.1.1 - https://yoast.com/product/yoast-seo-wordpress/ -->
<title>Granulierer PRIMO S - CORONA Serwis</title>
<meta name="robots" content="index, follow, max-snippet:-1, max-image-preview:large, max-video-preview:-1" />
<link rel="canonical" href="https://corona1.eu/de/granulierend/granulierer-primo-s/" />
<meta property="og:locale" content="de_DE" />
<meta property="og:type" content="article" />
<meta property="og:title" content="Granulierer PRIMO S - CORONA Serwis" />
<meta property="og:description" content="Trockenschneide-Fadengranuliersystem Das Trockenschnitt-Fadengranuliersystem wird von Hunderten von Kunden zur Herstellung von zylindrischen Granulaten und mikrokörnigen [&hellip;]" />
<meta property="og:url" content="https://corona1.eu/de/granulierend/granulierer-primo-s/" />
<meta property="og:site_name" content="CORONA Serwis" />
<meta property="article:modified_time" content="2025-06-09T08:28:48+00:00" />
<meta property="og:image" content="https://corona1.eu/de/wp-content/uploads/2025/06/primo_s_maag_automatik_maag-group-1.png" />
	<meta property="og:image:width" content="512" />
	<meta property="og:image:height" content="512" />
	<meta property="og:image:type" content="image/png" />
<meta name="twitter:card" content="summary_large_image" />
<meta name="twitter:label1" content="Geschätzte Lesezeit" />
	<meta name="twitter:data1" content="1 Minute" />
<script type="application/ld+json" class="yoast-schema-graph">{"@context":"https://schema.org","@graph":[{"@type":"WebPage","@id":"https://corona1.eu/de/granulierend/granulierer-primo-s/","url":"https://corona1.eu/de/granulierend/granulierer-primo-s/","name":"Granulierer PRIMO S - CORONA Serwis","isPartOf":{"@id":"https://corona1.eu/de/#website"},"primaryImageOfPage":{"@id":"https://corona1.eu/de/granulierend/granulierer-primo-s/#primaryimage"},"image":{"@id":"https://corona1.eu/de/granulierend/granulierer-primo-s/#primaryimage"},"thumbnailUrl":"https://corona1.eu/de/wp-content/uploads/2025/06/primo_s_maag_automatik_maag-group-1.png","datePublished":"2025-06-09T08:28:33+00:00","dateModified":"2025-06-09T08:28:48+00:00","breadcrumb":{"@id":"https://corona1.eu/de/granulierend/granulierer-primo-s/#breadcrumb"},"inLanguage":"de","potentialAction":[{"@type":"ReadAction","target":["https://corona1.eu/de/granulierend/granulierer-primo-s/"]}]},{"@type":"ImageObject","inLanguage":"de","@id":"https://corona1.eu/de/granulierend/granulierer-primo-s/#primaryimage","url":"https://corona1.eu/de/wp-content/uploads/2025/06/primo_s_maag_automatik_maag-group-1.png","contentUrl":"https://corona1.eu/de/wp-content/uploads/2025/06/primo_s_maag_automatik_maag-group-1.png","width":512,"height":512},{"@type":"BreadcrumbList","@id":"https://corona1.eu/de/granulierend/granulierer-primo-s/#breadcrumb","itemListElement":[{"@type":"ListItem","position":1,"name":"Startseite","item":"https://corona1.eu/de/"},{"@type":"ListItem","position":2,"name":"Granulierend","item":"https://corona1.eu/de/granulierend/"},{"@type":"ListItem","position":3,"name":"Granulierer PRIMO S"}]},{"@type":"WebSite","@id":"https://corona1.eu/de/#website","url":"https://corona1.eu/de/","name":"CORONA Serwis","description":"","potentialAction":[{"@type":"SearchAction","target":{"@type":"EntryPoint","urlTemplate":"https://corona1.eu/de/?s={search_term_string}"},"query-input":{"@type":"PropertyValueSpecification","valueRequired":true,"valueName":"search_term_string"}}],"inLanguage":"de"}]}</script>
<!-- / Yoast SEO plugin. -->

Trockenschneide-Fadengranuliersystem Das Trockenschnitt-Fadengranuliersystem wird von Hunderten von Kunden zur Herstellung von zylindrischen Granulaten und mikrokörnigen [&hellip;]
